- (-3 + 0).
2
What are the prime factors of -4 + 327 + 15/(-5)?
2, 5
What are the prime factors of (654/(-4))/(-3) + 2/4?
5, 11
Let g(p) = p**3 - 11*p**2 + 10*p + 2. Let s be g(10). Suppose 0*n - 3*f - 83 = -2*n, -5*f = s*n - 43. What are the prime factors of n?
2, 17
Let i(b) = -b**2 + 11*b + 1. What are the prime factors of i(6)?
31
Let m be (-5)/((-75)/(-288))*-5. Let a = m - 68. List the prime factors of a.
2, 7
What are the prime factors of (-3 - 29/(-9)) + (-2914)/(-9)?
2, 3
What are the prime factors of 1/(-4) + (-1725)/(-20) + 1?
3, 29
Let f(c) = -c**3 + 15*c**2 - 9*c + 1. List the prime factors of f(14).
71
Let n be ((-12)/(-8))/(4/8). Suppose 4*p = n*q - 77, q - 5*p = 10 + 1. List the prime factors of q.
31
Let g(v) = v**2 + 4*v. Suppose 0 = 3*m - d - 22, -d - 32 = -4*m + d. Suppose 5*c - m + 59 = -4*z, c - 30 = 5*z. What are the prime factors of g(z)?
3, 7
Let w = -2 + 1. Let s(k) = -38*k**3 - 8*k**2 - 14*k - 3. Let x(a) = 13*a**3 + 3*a**2 + 5*a + 1. Let l(u) = 4*s(u) + 11*x(u). What are the prime factors of l(w)?
2, 5
Let t be (-702)/(-45) - 3/5. Let i = 4 + t. What are the prime factors of i?
19
Let c(q) = -q**2 - 9*q - 5. Let o be c(-8). Suppose o*j - 5 = 70. Let v = j - 17. List the prime factors of v.
2
Suppose 2*z - 63 = -z. Let x be -13 + -1 + 2 + -1. Let v = x + z. What are the prime factors of v?
2
Let l(b) = -2*b**2 - 6*b - 3. Let p(s) = -4*s**2 - 12*s - 7. Let w(q) = -5*l(q) + 2*p(q). What are the prime factors of w(-4)?
3
Suppose o - 12 + 0 = 0. Suppose 8 = w - 5*q - o, -w + q = -8. Suppose w*c - 8 = 47. List the prime factors of c.
11
Let y = -16 - -11. Let z = 0 - y. Suppose -m - 2*m + 10 = f, z*m = -4*f + 19. List the prime factors of m.
3
Let k = 16 + -10. Let y(p) be the first derivative of p**4/4 - 5*p**3/3 - 5*p**2/2 + 5*p - 7. List the prime factors of y(k).
11
Let p = 130 - 7. What are the prime factors of p?
3, 41
Let q be 0 + -1*(4 - 2). What are the prime factors of 13/q*(-3 + -3)?
3, 13
Let u(m) be the first derivative of -m**5/20 + m**4/3 + 2*m**3/3 - 5*m**2/2 + m + 1. Let n(a) be the first derivative of u(a). List the prime factors of n(4).
11
Let k(l) = 6*l**2 + 4*l - 6. Let n be ((-3)/12)/((-1)/12). What are the prime factors of k(n)?
2, 3, 5
Let b(o) = 2*o**2 + 2*o - 4. Let t be b(3). Suppose -4*m = -0*m. Suppose m = -3*x - x + t. List the prime factors of x.
5
Suppose 2*g - 62 = -f, 4*f + f - 286 = -2*g. What are the prime factors of f?
2, 7
Let l(o) = 4*o**2 + 3*o + 5. Let x(d) = -4*d**2 - 3*d - 4. Let r(z) = -4*l(z) - 5*x(z). Let q be r(-2). Let k = q + -6. List the prime factors of k.
2
Suppose -36 = -5*z + 4*a + 23, -3*z - 4*a + 61 = 0. List the prime factors of z.
3, 5
Let i = 140 - 79. List the prime factors of i.
61
Let a(t) = -t + 11. Let c be a(9). Suppose -i = 2*u, 2*i + 10 = c*u - 8. What are the prime factors of (-27)/i - (-2)/(-4)?
2
Let l = 1 - 0. Let j = l + 0. Suppose j = -3*y + 7. What are the prime factors of y?
2
List the prime factors of (-8)/20 + 24/10 - -74.
2, 19
Let f(o) = -o**3 - 6*o**2 - 6*o - 1. Suppose 0 = 3*g + 12 + 3. List the prime factors of f(g).
2
Let j be (0 - -6)/(-2) - -1. Let k(g) = 2*g**2 - 4*g - 3. Let r be k(j). Suppose 3*q = -4 + r. List the prime factors of q.
3
Let m(a) = 142*a**2 - 2*a. Let y be m(-2). Let q = -388 + y. List the prime factors of 4/(-18) - q/(-18).
2, 5
Let b(k) = 22*k**3 - k. Let p be b(1). Suppose -p - 9 = -5*t. What are the prime factors of t?
2, 3
Let d be 665/10 + (-3)/(-2). Suppose -5*b + 208 = d. List the prime factors of b.
2, 7
Let h be (-1 + 1)*(0 - -1). Suppose -3*y + 12 = -h*y. Suppose q - y + 0 = 0. What are the prime factors of q?
2
Suppose 0 = 5*y + 4*x - 119, -3*x + 46 = 2*y - x. What are the prime factors of y?
3
Suppose -k - 4*k + 170 = 0. Suppose -2*n = -n. Suppose 3*q - k - 5 = n. List the prime factors of q.
13
Let l(r) = 4*r + 1. Let b be l(-1). Let h(o) = -4*o - 4. What are the prime factors of h(b)?
2
Let p(i) = i**3 + 17*i**2 - 27*i + 34. List the prime factors of p(-18).
2, 7
Let c(u) = u**2 + 18*u + 2. Let j be c(-18). Suppose 0 = y + j*y - 57. List the prime factors of y.
19
Suppose -i = 5*h - 2*i - 967, i - 197 = -h. What are the prime factors of h?
2, 97
Suppose s - 3*b + 28 = 6*s, -4*b = s - 9. Suppose 0 = 4*n + 20, s*a - 4*n + 3*n = 30. Suppose -3*r + 1 = -a. What are the prime factors of r?
2
Let i = -91 - -47. Let r = i - -62. List the prime factors of r.
2, 3
Let k(u) = 5*u. Let w be k(4). Let l = -4 + w. What are the prime factors of l?
2
Suppose 0 = -2*k + k. Suppose -3 = -k*a - a, -2*y - 2*a + 66 = 0. Suppose 5*c - 34 = 3*q, 5*c - 4*q = q + y. List the prime factors of c.
2
Suppose -2*u = -u. Let y be (-5 - u) + 1 + 1. Let s = y + 5. List the prime factors of s.
2
Suppose 2*g + 70 - 794 = 0. List the prime factors of g.
2, 181
Suppose 32 = -4*z - 0. What are the prime factors of 3/2*z/(-3)?
2
Suppose -4*v = -4*w + 120, -5*w + v + 94 = -2*w. Suppose w = 5*y + 7. What are the prime factors of y?
5
Let j = 4 + -4. Suppose -4*a = -5*h - 35, j = 3*a + 2*h - 8 - 1. What are the prime factors of a?
5
Let s(c) = -c**2 + 5*c - 4. Let p(b) = -b + 1. Let r(q) = -5*p(q) - s(q). List the prime factors of r(3).
2
Suppose 7*d - 1935 = 2*d. List the prime factors of d.
3, 43
Let h(x) = 2*x + 2*x - 3*x + 0*x. Let z be h(1). List the prime factors of (-2)/3*(-5 - z).
2
Let p be (3 - 4)/(2/(-4)). Let g(m) = -m**2 - 4*m + 3. Let r be g(-5). What are the prime factors of r*(p + -1)/(-1)?
2
Let i = 7 + -4. Suppose 3*s + 2 = i*v - 7, 4*v = 3*s + 12. List the prime factors of v.
3
Let m be -1 + (2 - 4/(-1)). Suppose 10 - 22 = 4*c + 4*w, -2*c - m*w - 21 = 0. Suppose c*a - 48 = -2*a. What are the prime factors of a?
2, 3
List the prime factors of 4/14 - 173/(-7).
5
Let g(k) = k**2 + k - 2. Let f be g(-3). Suppose f*n = n + 69. List the prime factors of n.
23
Let b = -2 + 22. Suppose 0 = -2*m - 2*m + b. Suppose -p + m = -4. List the prime factors of p.
3
Let f be ((-15)/(-4))/(8/(-128)). What are the prime factors of (-3470)/f + 1/6?
2, 29
Let j(s) = s**2 + 4*s + 2. Let t be j(-2). Let h be (t + 12/9)*-36. Let z = h - 14. What are the prime factors of z?
2, 5
Let o = -94 + 311. List the prime factors of o.
7, 31
Suppose -s + 6*s = 30. What are the prime factors of (2 - 4)/((-3)/s)?
2
Suppose 5*a - a = 232. Let p = a - 32. What are the prime factors of p?
2, 13
Suppose 3*y = 4*m + 7, -m + 0 = y + 7. Suppose -3*g + 5*c = -43, g - 2 - 13 = 2*c. Let v = g + m. List the prime factors of v.
7
List the prime factors of (10/(-30))/((-1)/75).
5
Suppose -2*g = -3*g. Suppose g*f + 80 = 4*f. What are the prime factors of f?
2, 5
Suppose 2*x - c - c - 2 = 0, 7 = 3*x + c. Suppose 0*g + 66 = 2*g + x*h, 3*h = g - 29. Suppose l - 3*l + g = 0. What are the prime factors of l?
2
Suppose -s = -5*r + 390, -3*r - 4*s = -185 - 72. List the prime factors of r.
79
Suppose -4*s + 0*t = 4*t - 224, 230 = 4*s + t. List the prime factors of s.
2, 29
Suppose 5*h = -5*t + 45, 2*t + h - 13 = -0*h. What are the prime factors of t?
2
Suppose -2*h + 15*h = 2197. What are the prime factors of h?
13
Let r be (0 + 0)/(-9 + 11). Suppose r*w - 3*w + 24 = 0. List the prime factors of w.
2
Suppose 7 - 21 = o + 5*q, 0 = o - 5*q - 16. What are the prime factors of (9 - o)*4 - -2?
2, 17
Let r be -4 + (-4 - (-9 - -3)). Let j(q) = -13*q + 2. What are the prime factors of j(r)?
2, 7
Suppose 3*l - 126 = -0*l. List the prime factors of l.
2, 3, 7
Let k(t) = t**2 + t - 4. Suppose 9 = -d - 2*d. What are the prime factors of k(d)?
2
Let q(z) be the second derivative of -25*z**4/12 - z**3/6 + z**2/2 + 3*z. Let k be q(1). What are the prime factors of 42/10 - (-5)/k?
2
Let s(a) = -4*a**2 - 15*a + 3. Let o(y) = -6*y**2 - 22*y + 5. Let z(n) = 5*o(n) - 8*s(n). What are the prime factors of z(-7)?
29
Let p = 2 + 1. Suppose p*v = v + 8. Let r = v + 3. List the prime factors of r.
7
Let x(n) = 12*n**3 - 2*n**2 + n. Let k be x(1). Let c = k + 0. What are the prime factors of c?
11
Let b be (-2 - -1) + (-6 - -13). What are the prime factors of (62/b)/((-5)/(-15))?
31
Let v(b) be the second derivative of -b**3/6 - 7*b**2/2 + 2*b. Let z be v(-7). Suppose p - 11 = -z*p. List the prime factors of p.
11
Suppose -3*y - 22 = -4*h, 3*h - 4*y = -2*h + 28. Suppose t - 2 = h. What are the prime facto